{"id":134,"date":"2020-07-27T20:07:48","date_gmt":"2020-07-27T20:07:48","guid":{"rendered":"http:\/\/superarte.zapto.org\/?page_id=134"},"modified":"2020-08-01T11:55:02","modified_gmt":"2020-08-01T11:55:02","slug":"intentando-pintar-con-pintura-acrilica","status":"publish","type":"page","link":"https:\/\/superarte.zapto.org\/index.php\/intentando-pintar-con-pintura-acrilica\/","title":{"rendered":"Pintura"},"content":{"rendered":"\n<p><em>Voy a intentar pintar con pintura acr\u00edlica una especie de cuadro, para los colores solo voy a utilizar los colores primarios (rojo, amarillo y azul) y el blanco y el negro. De manera que, por ejemplo, si quiero conseguir un color lima tengo que mezclar azul y amarillo para hacer verde y luego al verde agregarle un poco de amarillo.<\/em><\/p>\n\n\n\n<p><em>Tampoco ten\u00eda caballete as\u00ed que lo que voy a  hacer va a ser poner una cartulina pegada a un trozo de cart\u00f3n de la misma medida detr\u00e1s, para que as\u00ed me quede resistente.<\/em><\/p>\n\n\n\n<p><em>He buscado una imagen en internet de alg\u00fan cuadro f\u00e1cil y ya s\u00e9 que cuadro voy a seguir de ejemplo. Ovbiamente no lo voy a poder hacer igual pero lo voy a intentar hacer lo m\u00e1s parecido posible.<\/em><\/p>\n\n\n\n<figure class=\"wp-block-gallery columns-1 is-cropped wp-block-gallery-1 is-layout-flex wp-block-gallery-is-layout-flex\"><ul class=\"blocks-gallery-grid\"><li class=\"blocks-gallery-item\"><figure><img loading=\"lazy\" decoding=\"async\" width=\"236\" height=\"188\" src=\"http:\/\/superarte.zapto.org\/wp-content\/uploads\/2020\/07\/paisaje.jpg\" alt=\"\" data-id=\"138\" data-full-url=\"http:\/\/superarte.zapto.org\/wp-content\/uploads\/2020\/07\/paisaje.jpg\" data-link=\"http:\/\/superarte.zapto.org\/?attachment_id=138\" class=\"wp-image-138\"\/><\/figure><\/li><\/ul><\/figure>\n\n\n\n<p><em>Esta es la imagen que he elegido para co<\/em>piarla.<\/p>\n\n\n\n<p>Dentro de un rato subo la foto de como me ha quedado \ud83d\ude42<\/p>\n\n\n<ul class=\"wp-block-latest-posts__list wp-block-latest-posts\"><li><a class=\"wp-block-latest-posts__post-title\" href=\"https:\/\/superarte.zapto.org\/index.php\/2020\/07\/30\/resultado-de-primer-cuadro\/\">Resultado de primer cuadro:)<\/a><\/li>\n<\/ul>","protected":false},"excerpt":{"rendered":"<p>Voy a intentar pintar con pintura acr\u00edlica una especie de cuadro, para los colores solo voy a utilizar los colores primarios (rojo, amarillo y azul) y el blanco y el negro. De manera que, por ejemplo, si quiero conseguir un color lima tengo que mezclar azul y amarillo para hacer verde y luego al verde &hellip; <a href=\"https:\/\/superarte.zapto.org\/index.php\/intentando-pintar-con-pintura-acrilica\/\" class=\"more-link\">Sigue leyendo <span class=\"screen-reader-text\">Pintura<\/span><\/a><\/p>\n","protected":false},"author":1,"featured_media":135,"parent":0,"menu_order":0,"comment_status":"closed","ping_status":"closed","template":"","meta":{"footnotes":""},"class_list":["post-134","page","type-page","status-publish","has-post-thumbnail","hentry"],"_links":{"self":[{"href":"https:\/\/superarte.zapto.org\/index.php\/wp-json\/wp\/v2\/pages\/134","targetHints":{"allow":["GET"]}}],"collection":[{"href":"https:\/\/superarte.zapto.org\/index.php\/wp-json\/wp\/v2\/pages"}],"about":[{"href":"https:\/\/superarte.zapto.org\/index.php\/wp-json\/wp\/v2\/types\/page"}],"author":[{"embeddable":true,"href":"https:\/\/superarte.zapto.org\/index.php\/wp-json\/wp\/v2\/users\/1"}],"replies":[{"embeddable":true,"href":"https:\/\/superarte.zapto.org\/index.php\/wp-json\/wp\/v2\/comments?post=134"}],"version-history":[{"count":9,"href":"https:\/\/superarte.zapto.org\/index.php\/wp-json\/wp\/v2\/pages\/134\/revisions"}],"predecessor-version":[{"id":197,"href":"https:\/\/superarte.zapto.org\/index.php\/wp-json\/wp\/v2\/pages\/134\/revisions\/197"}],"wp:featuredmedia":[{"embeddable":true,"href":"https:\/\/superarte.zapto.org\/index.php\/wp-json\/wp\/v2\/media\/135"}],"wp:attachment":[{"href":"https:\/\/superarte.zapto.org\/index.php\/wp-json\/wp\/v2\/media?parent=134"}],"curies":[{"name":"wp","href":"https:\/\/api.w.org\/{rel}","templated":true}]}}