{"id":23,"date":"2020-07-12T20:09:20","date_gmt":"2020-07-12T20:09:20","guid":{"rendered":"http:\/\/superarte.zapto.org\/?page_id=23"},"modified":"2020-07-31T11:29:26","modified_gmt":"2020-07-31T11:29:26","slug":"presentacion","status":"publish","type":"page","link":"https:\/\/superarte.zapto.org\/","title":{"rendered":"Presentaci\u00f3n"},"content":{"rendered":"\n<p><em>Bienvenid@ a mi blog, yo soy Leire y me encanta hacer todo lo que est\u00e9 relaccionado con el arte. Por eso he creado este blog, porque me gustar\u00eda compartir algunas ideas con todos los que est\u00e9n interesados con este tema. En este blog podr\u00e1s encontrar inspiraci\u00f3n y sobre todo, mucha creatividad. Me encanta dibujar anime y hace poco he hecho un <a href=\"https:\/\/edutin.com\/curso-de-dibujo-manga-1579\">curso de dibujo de Anime<\/a> te lo recomiendo mucho si te gusta este tipo de dibujo porque te ense\u00f1an muy bien y luego cuando acabes acabar\u00e1s dibujando como un experto:)<\/em><\/p>\n\n\n\n<p><em>Te comparto algunas imagenes para que veas si te gusta este tipo de dibujo y te apuntas a hacer este curso GRATUITO<\/em><\/p>\n\n\n\n<figure class=\"wp-block-gallery columns-3 is-cropped wp-block-gallery-1 is-layout-flex wp-block-gallery-is-layout-flex\"><ul class=\"blocks-gallery-grid\"><li class=\"blocks-gallery-item\"><figure><img loading=\"lazy\" decoding=\"async\" width=\"480\" height=\"480\" src=\"http:\/\/superarte.zapto.org\/wp-content\/uploads\/2020\/07\/1644443bb975704a8b27360c5a3822c6.jpg\" alt=\"\" data-id=\"29\" class=\"wp-image-29\" srcset=\"https:\/\/superarte.zapto.org\/wp-content\/uploads\/2020\/07\/1644443bb975704a8b27360c5a3822c6.jpg 480w, https:\/\/superarte.zapto.org\/wp-content\/uploads\/2020\/07\/1644443bb975704a8b27360c5a3822c6-300x300.jpg 300w, https:\/\/superarte.zapto.org\/wp-content\/uploads\/2020\/07\/1644443bb975704a8b27360c5a3822c6-150x150.jpg 150w\" sizes=\"auto, (max-width: 480px) 100vw, 480px\" \/><\/figure><\/li><li class=\"blocks-gallery-item\"><figure><img loading=\"lazy\" decoding=\"async\" width=\"736\" height=\"1000\" src=\"http:\/\/superarte.zapto.org\/wp-content\/uploads\/2020\/07\/9189c2b75208ceb0d81bf9ec49fd39d5.jpg\" alt=\"\" data-id=\"30\" data-link=\"http:\/\/superarte.zapto.org\/?attachment_id=30\" class=\"wp-image-30\" srcset=\"https:\/\/superarte.zapto.org\/wp-content\/uploads\/2020\/07\/9189c2b75208ceb0d81bf9ec49fd39d5.jpg 736w, https:\/\/superarte.zapto.org\/wp-content\/uploads\/2020\/07\/9189c2b75208ceb0d81bf9ec49fd39d5-221x300.jpg 221w\" sizes=\"auto, (max-width: 736px) 100vw, 736px\" \/><\/figure><\/li><li class=\"blocks-gallery-item\"><figure><img loading=\"lazy\" decoding=\"async\" width=\"236\" height=\"366\" src=\"http:\/\/superarte.zapto.org\/wp-content\/uploads\/2020\/07\/6cf0a606a210047342ea125c4308d505.jpg\" alt=\"\" data-id=\"31\" data-link=\"http:\/\/superarte.zapto.org\/?attachment_id=31\" class=\"wp-image-31\" srcset=\"https:\/\/superarte.zapto.org\/wp-content\/uploads\/2020\/07\/6cf0a606a210047342ea125c4308d505.jpg 236w, https:\/\/superarte.zapto.org\/wp-content\/uploads\/2020\/07\/6cf0a606a210047342ea125c4308d505-193x300.jpg 193w\" sizes=\"auto, (max-width: 236px) 100vw, 236px\" \/><\/figure><\/li><li class=\"blocks-gallery-item\"><figure><img loading=\"lazy\" decoding=\"async\" width=\"576\" height=\"1024\" src=\"http:\/\/superarte.zapto.org\/wp-content\/uploads\/2020\/07\/bc8461608ccf28519c5c42373d39e867-576x1024.jpg\" alt=\"\" data-id=\"32\" data-full-url=\"http:\/\/superarte.zapto.org\/wp-content\/uploads\/2020\/07\/bc8461608ccf28519c5c42373d39e867.jpg\" data-link=\"http:\/\/superarte.zapto.org\/?attachment_id=32\" class=\"wp-image-32\" srcset=\"https:\/\/superarte.zapto.org\/wp-content\/uploads\/2020\/07\/bc8461608ccf28519c5c42373d39e867-576x1024.jpg 576w, https:\/\/superarte.zapto.org\/wp-content\/uploads\/2020\/07\/bc8461608ccf28519c5c42373d39e867-169x300.jpg 169w, https:\/\/superarte.zapto.org\/wp-content\/uploads\/2020\/07\/bc8461608ccf28519c5c42373d39e867.jpg 768w\" sizes=\"auto, (max-width: 576px) 100vw, 576px\" \/><\/figure><\/li><\/ul><\/figure>\n\n\n\n<p><\/p>\n","protected":false},"excerpt":{"rendered":"<p>Bienvenid@ a mi blog, yo soy Leire y me encanta hacer todo lo que est\u00e9 relaccionado con el arte. Por eso he creado este blog, porque me gustar\u00eda compartir algunas ideas con todos los que est\u00e9n interesados con este tema. En este blog podr\u00e1s encontrar inspiraci\u00f3n y sobre todo, mucha creatividad. Me encanta dibujar anime &hellip; <a href=\"https:\/\/superarte.zapto.org\/\" class=\"more-link\">Sigue leyendo <span class=\"screen-reader-text\">Presentaci\u00f3n<\/span><\/a><\/p>\n","protected":false},"author":1,"featured_media":24,"parent":0,"menu_order":0,"comment_status":"closed","ping_status":"closed","template":"","meta":{"footnotes":""},"class_list":["post-23","page","type-page","status-publish","has-post-thumbnail","hentry"],"_links":{"self":[{"href":"https:\/\/superarte.zapto.org\/index.php\/wp-json\/wp\/v2\/pages\/23","targetHints":{"allow":["GET"]}}],"collection":[{"href":"https:\/\/superarte.zapto.org\/index.php\/wp-json\/wp\/v2\/pages"}],"about":[{"href":"https:\/\/superarte.zapto.org\/index.php\/wp-json\/wp\/v2\/types\/page"}],"author":[{"embeddable":true,"href":"https:\/\/superarte.zapto.org\/index.php\/wp-json\/wp\/v2\/users\/1"}],"replies":[{"embeddable":true,"href":"https:\/\/superarte.zapto.org\/index.php\/wp-json\/wp\/v2\/comments?post=23"}],"version-history":[{"count":9,"href":"https:\/\/superarte.zapto.org\/index.php\/wp-json\/wp\/v2\/pages\/23\/revisions"}],"predecessor-version":[{"id":177,"href":"https:\/\/superarte.zapto.org\/index.php\/wp-json\/wp\/v2\/pages\/23\/revisions\/177"}],"wp:featuredmedia":[{"embeddable":true,"href":"https:\/\/superarte.zapto.org\/index.php\/wp-json\/wp\/v2\/media\/24"}],"wp:attachment":[{"href":"https:\/\/superarte.zapto.org\/index.php\/wp-json\/wp\/v2\/media?parent=23"}],"curies":[{"name":"wp","href":"https:\/\/api.w.org\/{rel}","templated":true}]}}